= k**3 + 3*k**2 + 2*k + 6. Let z be ((-2 - -1) + 2)*(19 + -23). What is m(z)?
-18
Let x(y) = 3*y + 1. Let l = 18 + -8. Suppose 0 = 2*c - z + 2*z + 7, 4*c - 2*z + l = 0. What is x(c)?
-8
Let t(l) = l**2 - 6*l - 3. Suppose 4 = 4*u - 2*u. Suppose -5*r + 74 = -u*n - n, 0 = -r + 5*n + 28. Suppose 17 + r = 5*k. What is t(k)?
-3
Suppose 4*x + 13 = x + 5*i, -5*x + 15 = -i. Suppose 4*l - 2*l - x*h = -8, 5*h - 13 = l. Let k(q) = l*q + q + 2 - 4*q. Calculate k(3).
-1
Let c(o) be the first derivative of -1 + 2*o - 1/2*o**2. Let g = -2 + 4. What is c(g)?
0
Let b(d) = d**2 - 2*d. Let n = 23 + -12. Suppose -2*k + a + 6 = -0*a, -9 = -3*k - 5*a. Suppose -j - k*g = n, g + 4 = j - 5. Give b(j).
8
Let l(y) = 7*y - 4 + 2 + 10*y**2 + 3 - 5*y. Let t(w) = -2*w**2 - w. Let a be t(-1). What is l(a)?
9
Let k(y) = y - 1. Suppose 0*l = -2*l - 3*h - 17, 0 = -3*l + 4*h. Let x = l + 4. Let z be (-7 - x) + (4 - 2). Determine k(z).
-6
Let r(v) = -v**2 + 2*v + 1. Suppose 5*m = -0*m + 20. Give r(m).
-7
Let m(i) = 2*i**2 + 4*i + 2. Let k be m(-2). Suppose 0 = -5*d + 4*a + 20, 2*d - 5*a = -k*a + 1. Suppose 0 = 4*z - d - 0. Let w(p) = p - 3. What is w(z)?
-1
Let b be 2/9 + (-32)/(-18). Let z(x) = 2*x - 3*x + b*x + 2. Suppose -2*f - 17 = 3*t + 8, -20 = f + 3*t. Calculate z(f).
-3
Let k(n) = 45*n**2 - 5*n + 9. Suppose -i = 3*i - 20. Suppose -4*a = -i*a - 9. Let u(x) = -11*x**2 + x - 2. Let c(s) = a*u(s) - 2*k(s). Calculate c(-1).
8
Let y be 0 + (2 - -6)/(-2). Let p(k) = k**2 + 2*k - 5. Calculate p(y).
3
Let i(f) = -f + 4. Let d be i(7). Let c(t) = 3*t**2 - 3*t + 4 - 2 + t**3 - 6. Determine c(d).
5
Let c(a) = -a**2 + a - 1. Let h(r) = -r**2 + 5*r - 7. Let k(q) = 4*c(q) - h(q). What is k(-3)?
-21
Let s(x) = x**3 - 3*x**2 + 2*x - 1. Let l(z) = -3*z**2 - 2*z + 1. Let h be l(1). Let o be h/6 - (-68)/(-6). Let i be ((-6)/(-4))/(o/(-16)). Determine s(i).
-1
Suppose 3*d - 7 + 1 = 0. Let i(v) be the second derivative of 0*v**2 - v + 0 - 1/6*v**3. What is i(d)?
-2
Let o be 2/(-4)*(-4 + -2). Let q(b) be the first derivative of 5*b**2/2 - 2*b + 14. Give q(o).
13
Let t(v) = -v**3 + v**2 + 1. Suppose 2*b = -b + 6. Let a be (-4 - -7) + (b - 5). Suppose -4*g - g + 5 = a. What is t(g)?
1
Let f(u) = u**2 - 10*u + 7. Let r(q) = -q. Let m(s) = f(s) - 4*r(s). Let k be 7 + -2*(0 + 1). Determine m(k).
2
Let d(w) be the second derivative of w**7/840 - w**6/72 + w**5/24 - w**4/6 + w**3/6 - 7*w. Let z(l) be the second derivative of d(l). Determine z(4).
0
Let h(i) = i**2 - 11*i - 8. Let g(t) = t**2 - 10*t - 7. Let n(k) = 7*g(k) - 6*h(k). What is n(3)?
-4
Suppose 2*p = 4*h - 10, -3*p + 25 = -2*h + 4*h. Suppose 8*j - 4 = 3*j - 3*i, 8 = -j - 5*i. Let z(m) = -p + 7*m - m**j - 2*m - m. Determine z(4).
-5
Let q(k) be the first derivative of k**3/3 + k**2/2 - k - 2. Let h be (2 + -4 - (-16)/10)*5. Give q(h).
1
Let c(n) = -25*n + 21. Let s(q) = -5*q + 4. Let v(i) = -2*c(i) + 11*s(i). Let d be 3*(1/(-3) + 1). Let h = 0 + d. Give v(h).
-8
Let q(h) be the third derivative of -h**4/8 + h**3/3 + h**2 - 13. What is q(2)?
-4
Let x(y) = -y**2 - y. Let u(h) = 5*h**2 + 8*h - 3. Let d(o) = u(o) + 4*x(o). Suppose 0 = f - 6*f - 25. Determine d(f).
2
Let a(w) = 4*w - 2*w + 2*w + w + 1 + w**2. Determine a(-5).
1
Let z be (-6)/2 - -3 - 6. Let d = z - -8. Let y(b) = 2*b + 2*b - 2 - b**2 - b**2. Determine y(d).
-2
Let r(u) = -4*u - u**3 + 5*u**2 + 6*u - u - 1. Calculate r(5).
4
Let q(v) = -v**3 + 11*v**2 + 11*v + 7. Suppose 2*d = 2*l - 6*l + 4, -3*d + 5*l = -61. Determine q(d).
-5
Let d(o) be the second derivative of o**5/20 + o**4/12 + o**3/6 + o**2/2 + 2*o. Let p be ((0/(-2))/(-2))/3. What is d(p)?
1
Let h(n) = -n - 4. Let c(j) = 2*j**2 + 26*j + 18. Let a be c(-12). Give h(a).
2
Let u(i) be the first derivative of i**2/2 + 2*i + 18. What is u(6)?
8
Let c(i) = i + 5. Let v(h) = -2*h + 47. Let m be v(20). Give c(m).
12
Suppose 3*k + 3 = -2*i + 1, i = 2*k + 13. Let a(f) = -f + 1. Let g(h) = h**2 + 10*h + 1. Let l(j) = -4*a(j) - g(j). Calculate l(k).
3
Let x(g) be the second derivative of -g**8/6720 - g**7/504 + g**5/24 + g**4/12 - 2*g. Let c(s) be the third derivative of x(s). Give c(-5).
5
Let b(a) = -a**2 - 2*a - 5 + 4 + 0. Let o(m) = 3*m - 2. Let l be o(-2). Let f = 4 + l. Calculate b(f).
-9
Let s(o) = 2*o**2 + 6. Let m(a) = -a**2 - 1. Let i(g) = 3*m(g) + s(g). Determine i(0).
3
Let h = 18 - 12. Let s(c) be the third derivative of -1/6*c**3 + 0 - 1/20*c**5 - 1/120*c**h + 5/24*c**4 + 0*c - c**2. Determine s(-4).
-5
Let z be 2/(-5) + 4/10. Let k(t) = -7*t**3 - 6*t + 5. Let i(h) = -h**3 - h. Let l(m) = -6*i(m) + k(m). Give l(z).
5
Let d(t) = t - 9. Let u be d(5). Let w(k) = k**2 + 8*k + 8. Let y be w(-7). Let f(g) = 6 - 2*g + g**3 + y + 3*g**2 + 1 - 6. Give f(u).
-6
Let p(i) = -3*i - 6*i - 1 + 4*i + 2*i. Suppose -5*n + 2*x - 6*x - 3 = 0, -n = -5*x - 11. Calculate p(n).
-4
Let q(z) = z**3 + 4*z**2 + 3*z. Let l be 3/((-9)/6 - (-4 - -4)). Determine q(l).
2
Suppose 4*v - 11 = -p, -6*p + 13 = -3*p + 2*v. Suppose -q + 6*q = -2*o - 11, -p = 3*o + 3*q. Let z(m) = 5 - 2 - m + 2*m**3 - m**3 + 4*m**o. What is z(-4)?
7
Let p(y) = -y - 2. Let t be p(-2). Let h(a) = -a + 5. Let k be h(t). Let l(d) be the third derivative of d**4/24 - d**3 - d**2. Calculate l(k).
-1
Let x(k) = -k**2 - k + 4. Let j be (13 + -3)*(-4)/(-5). Let u(p) = -5*p - 1. Let d be u(-1). Suppose -d*t + 20 = -5*l, 3*t = t + 2*l + j. Calculate x(t).
4
Let a be (-4)/18 - 16/9. Let q(u) = -3*u**3 + u - 4. Let w(s) = 16*s**3 - 5*s + 21. Let v(h) = 11*q(h) + 2*w(h). Determine v(a).
4
Let d(h) be the second derivative of h**6/120 - h**5/20 - h**4/6 - h**3/2 + 3*h**2/2 + 2*h. Let x(w) be the first derivative of d(w). Give x(4).
-3
Suppose 5*y - 4 = 1. Let p be (0 - -8)/(-2 - -4). Let r(h) = -1 + p*h**2 + 8*h - 8*h. Determine r(y).
3
Let w(g) = 6*g - 2*g - 1 + 0. Let z = 23 + -16. Let y = z + -6. What is w(y)?
3
Let a(c) = 2*c - 1. Let w = -86 - -78. Calculate a(w).
-17
Let l be (-4 - -2 - -4) + 1. Let n(d) be the first derivative of d**4/4 - 2*d**3/3 - d**2/2 - d + 7. Calculate n(l).
5
Let b = -1 - -4. Let h(s) = b + 0 - s + 4*s**2 + s**3 - 2*s**2. What is h(-3)?
-3
Let y(g) = g**2 - 5*g - 3. Let w be y(6). Suppose -2*f + 8 = 2*f. Let b(s) = 11*s**3 - 6*s**3 - 6*s**3 + 3*s - f - s + 2*s**2. Calculate b(w).
-5
Let s(f) = -f**2 - 5*f + 2. Suppose l - 3*l = 10. Let p be s(l). Let g(h) = 2*h**3 - 2*h**2 + 2*h + 2. What is g(p)?
14
Let c(k) = -3*k + 2. Let f = -2 + 8. Let y = f - 4. What is c(y)?
-4
Suppose 0 = 5*i - 2*i. Let x(f) = 3*f + 9. Let b be 4/3*3/2. Let g(c) = c + 5. Let n(h) = b*x(h) - 5*g(h). What is n(i)?
-7
Let u(n) = n**2 - 7*n - 13. Let p be u(9). Suppose 5*b - 17 - 1 = -4*m, -p*b - 3*m + 21 = 0. Let y(d) = -d**2 + 5*d. What is y(b)?
-6
Let n(f) = 0*f + 8*f - 7 - f**2 - 7*f - 1. Determine n(0).
-8
Let m(y) = -y**2 + 5*y - 4. Let i be 2*2*1/1. Suppose i*d = -d + 15. Give m(d).
2
Let t(x) = x - 1. Let b = -12 - -11. Calculate t(b).
-2
Let o(b) = -4*b**3 + 3*b**2 + 5*b**3 - b**2 - 2*b + 1. Let k be o(1). Suppose l + k = 3. Let g(q) = 2*q**2 + 1. Calculate g(l).
3
Let c(y) = 3*y + 1. Let h = 2 + -6. Let n = h + 2. Determine c(n).
-5
Let b(z) = 3*z**3 - z + 17*z**2 - 4 - 2 - 10*z**2 - 4*z**3. Determine b(7).
-13
Let p(l) be the second derivative of -9/2*l**2 + 0 - 2/3*l**4 - 2*l + 4/3*l**3 + 1/20*l**5. Give p(7).
-2
Let w(i) = -4 + 5 + 2*i**2 - 3*i**2 + 3. Suppose 4*r + r + 15 = 0. Let n be w(r). Let z(q) = -q**3 - 5*q**2 + q - 6. What is z(n)?
-11
Let y(v) = -4*v. Let n be y(1). Let d(h) = 3*h + 2*h - 1160*h**2 + 1161*h**2 + 6. Determine d(n).
2
Let p(s) = 4*s + 1 - 4*s**2 - 3 - 3*s + s**3. Suppose 12 - 24 = -3*a. Calculate p(a).
2
Suppose -2 = -2*p + p. Let x(b) = -6*b + 33 + 2*b - 33. Give x(p).
-8
Let t(h) = -5*h + 1. Let i(a) = 9*a - 1. Let d(s) = -4*i(s) - 7*t(s). What is d(4)?
-7
Let u(i) = -4*i + 7. Let k(h) = -12*h + 20. Let x(g) = 4*k(g) - 11*u(g). Calculate x(2).
-5
Let h be (-154)/30 - (-6)/45. Let d(q) be the third derivative of -q**6/120 - q**5/12 - q**4/24 + 5*q**3/6 - 2*q**2. What is d(h)?
10
Let x(z) = 4*z - 1. Let t(l) = l - 1. Let s(w) = 5*t(w) - x(w). Calculate s(5).
1
Let n(l) = 4 + 2 + 4 + 2*l + 2. What is n(-9)?
-6
Let r(y) be the second derivative of y**3/3 - y**2/2 - y. Let w = 8 + -9. Calculate r(w).
-3
Let l(i) = 7 - 2 - i + 0 - 4. Give l(1).
0
Suppos